Is b prime?
False
Suppose -8 = -4*g, 5*r + 14*g - 220 = 9*g. Suppose 32*l + 147650 = r*l. Is l a prime number?
False
Suppose 160*h - 202*h + 2341458 = 0. Is h a prime number?
False
Let j be (1 + 18/(-8))*-420. Let v = -82 + j. Is v prime?
True
Suppose -74*a = -303*a - 1374. Let p(c) = c**3 - 1. Let i be p(-2). Is a/(-27) - 187/i a composite number?
True
Let j(u) = 2761*u - 1. Let o be j(-1). Let q = o + 4711. Is q composite?
False
Let v = -694 + 700. Suppose -3*i - v = 0, 26*t = 25*t - 2*i + 2202. Is t a prime number?
False
Let y(j) be the first derivative of 4*j**2 + 9*j + 7. Let l be y(-2). Is (147/(-28))/l + (-3138)/(-8) prime?
False
Let g = 1085 + 190. Let h = 2 + g. Is h a composite number?
False
Let n(f) = 16*f**2 + 1 + 295*f**3 - 51*f + 19*f + 10*f - 2 + 9*f. Is n(6) composite?
False
Is 5/(10/(-4)) - (-13372822)/118 composite?
False
Let n = 47 + -44. Suppose -n*s + 7 = -0*k - k, 0 = -5*s - 4*k + 40. Suppose s*c + 4*b - 464 = 0, b + b - 571 = -5*c. Is c a prime number?
True
Let i(b) = b**3 - 9*b**2 + 7*b + 12. Let a be i(8). Suppose 3*k = a*k. Suppose k = 3*f + 13 - 118. Is f composite?
True
Let j = -19 + 13. Let l(o) be the third derivative of -o**6/40 + 2*o**5/15 - o**4/8 + o**3/6 + 1287*o**2. Is l(j) a composite number?
True
Let s be (2 + -3)/(-2*(-4)/(-392)). Is s/(-35) - -1 - 221511/(-15) a prime number?
True
Suppose 40 = 3*h - 2*s, 5*h + 0*s = 5*s + 70. Let w be (-1346 + 0)/(13 - h). Is (23 + -19)*w/(-8) prime?
True
Let s = 95 + -54. Suppose -303 + 875 = 26*v. Let r = s - v. Is r prime?
True
Suppose 3*k = 3*j + 27, 5*k - 57 = -3*j + 2*j. Suppose -k*u + 1072 = -4065. Is u prime?
True
Is (-24818)/(-1) - (697/(-221) + 6/39) a composite number?
False
Suppose -3*t = -3*h + 15 + 3, 0 = 2*t + 2*h - 8. Let o be 0 - t/(-2)*2. Is o/5 + (-17264)/(-20) a prime number?
True
Is (218185/20 + (-1)/4)*1 a composite number?
False
Suppose 5*d + 9 = -2*o + 29, 4*d + o - 13 = 0. Let f be (0 + -4)*((-8)/4 + 1). Suppose -f*z + 427 = 2*j - j, -d = -z. Is j composite?
False
Suppose 4*s = -l + 401263, 23 = 4*l + 11. Is s composite?
True
Suppose -110*m + 39455 + 2305108 = 7*m. Is m a prime number?
False
Suppose 3*z - 225 = -2*z. Let c be 12*(-12)/z*-5. Let b = c + 873. Is b composite?
True
Let s(u) = -u + 3. Let k be s(2). Let c be ((-920)/276)/((-1)/3). Is (-2 + (-744)/c)/(k/(-5)) a composite number?
True
Suppose 3*g + 0 + 1 = 2*j, -5*g + 3*j = 0. Suppose -g*d + v + 2*v = 9, d + 7 = 3*v. Let u(i) = 486*i**2 + 2*i + 1. Is u(d) composite?
True
Let g(z) = 260*z**2 - 98*z - 31. Is g(-89) a prime number?
True
Suppose -24*n + 43*n = 113316. Suppose n - 1377 = 3*u. Is u a composite number?
True
Let j = 27427 - 16683. Let i = j + -7185. Is i a composite number?
False
Suppose 9*u = -2*u - 1601067 + 5626022. Is u a composite number?
True
Let o be (-18)/27 + -83*3/(-9). Suppose -5*i = 20, -24*i + o*i = -5*g + 12073. Is g composite?
False
Let k = -79 + 85. Suppose m = -k*m + 17717. Is m a composite number?
False
Let a = -89189 + 124944. Is a a composite number?
True
Let h(z) = -2*z**2 - 3*z - 1. Let j be h(-2). Let y be 2728 - ((-30)/5)/j. Suppose 5*g + 4*s - 3933 = 0, -y = -3*g + 3*s - 377. Is g a prime number?
False
Is 91466 + 41/((-943)/(-483)) prime?
False
Let j(a) = 2110*a**2 + 24*a + 97. Is j(-5) prime?
True
Let i = 96825 - 46328. Is i composite?
False
Let h(f) be the first derivative of 153*f**3 + 3*f**2/2 - 2*f - 7. Let g be h(1). Suppose -10*d = -6*d - g. Is d prime?
False
Let n(p) = p**3 - 36*p**2 + 67*p + 33. Let b be n(34). Let w(f) = -48608*f - 15. Is w(b) a composite number?
False
Suppose -5*m = -4*m - 4. Let g be -4 + (5 - 1 - (m - -1)). Is g/30*-489*2 composite?
False
Let m be (7 - (-125)/(-20))*5628. Suppose -7031 = -5*a - 3*w, 0*a + 3*w = -3*a + m. Is a a composite number?
True
Let f(w) = -2*w**3 + 5*w**2 - 3*w - 9. Suppose 7*m - 2*m = 3*a - 49, 3*a = 3*m + 33. Let y be 2/(-6)*-3 + (-13 - m). Is f(y) prime?
True
Suppose -n - 3*o = -113108, -5*n - 12*o = -18*o - 565435. Is n prime?
True
Let v = 531 + 1481. Suppose -v - 4389 = -j. Is j prime?
False
Let h(s) be the third derivative of -89*s**4/4 - 37*s**3/6 + 11*s**2. Is h(-2) prime?
True
Suppose -105854 = -2*g + 2*i, -27*g + 25*g = -5*i - 105878. Is g prime?
True
Suppose -3*u = -2*l - 8187, 2*u + 3*u + 5*l - 13645 = 0. Is u composite?
False
Let i be (-288)/24*((-3556)/3 - -1). Suppose -3*l = -b + i, 6*b - 4*l = 7*b - 14191. Is b a prime number?
False
Suppose 4*d = 3*w + 44981, 2*d - 703*w = -708*w + 22497. Is d prime?
False
Let u(g) = -112*g + 3492. Let k be u(43). Let i = -41 + 11. Is (14/(-24) - 10/i)*k a prime number?
True
Suppose w = -3*h + 187135, 0 = -3*w - h + 40668 + 520705. Is w a prime number?
True
Suppose -3*m + 161678 = -k, -2*m - 2*k = 2*k - 107804. Is m composite?
True
Let k(q) = -7*q**3 + 13*q**2 - 3*q - 62. Is k(-9) composite?
False
Is 178070/4 + 45/30 prime?
True
Let g be (0 - 7)*(18 - 19). Is (0 - -4259)*g/7*1 a composite number?
False
Let u(k) = -k**3 + 10*k**2 - 10*k - 18. Let y be u(8). Let v be 75*(-4)/y*-3. Suppose -2*d + 848 = v. Is d composite?
False
Suppose 0 = 3*x + g - 8027265, -4*x - 2*g - 104440 + 10807460 = 0. Is x a prime number?
False
Let r(x) be the first derivative of -x**3/3 + 17*x**2/2 - 5*x - 24. Let d be r(16). Suppose -d*f + 3548 = -7*f. Is f composite?
False
Let s = -27 - -75. Suppose 4*b + s = -212. Is 5*(3 - (b + 1)) a composite number?
True
Let f(s) = -16 - 7 + 15 - 216*s. Let k be f(7). Let o = -619 - k. Is o a prime number?
False
Suppose 44*o - 49*o + 15 = 0. Suppose 10914 = 3*q + 5*p, p - o*p + 7280 = 2*q. Is q composite?
False
Let p = 26767 - 7560. Is p a prime number?
True
Let i(y) = 199*y**2 + 49*y + 5. Is i(-12) a prime number?
False
Let u(d) = 29*d**3 + 7*d**2 - 4*d - 2. Let n be u(9). Let l = -12945 + n. Suppose h + 3449 = 2*w, -2*h - 80 = 5*w - l. Is w prime?
False
Let q(i) = i**3 - 15*i**2 - 12*i - 60. Let k be q(16). Suppose 0 = -3*z - 4 + 1, -5*z - 3633 = -k*g. Is g prime?
True
Let u = -530337 + 336402. Is (-3)/((-7)/u*-9) composite?
True
Suppose -5*s + 3*s + 8 = 0. Suppose -5*u = -4*t - s, -5*u + 0*u + 32 = 3*t. Suppose -2*z + u*f = -153 + 15, -369 = -5*z + 4*f. Is z prime?
False
Let b(f) = -f**3 + 3*f**2 + f - 13. Let a be b(0). Let c(i) = -307*i + 37. Let w be c(a). Suppose h - w = -3*h. Is h composite?
True
Suppose -3*k = 3, 3*s + k - 84442 = 28558. Suppose -2*a = -9*a + s. Is a prime?
True
Suppose 5*z - 249585 - 658424 = -3*x, 0 = -2*x - 14. Is z a prime number?
False
Let v = -1 - 7. Let m be (-155)/10 - 20/v. Is -4 + ((-17032)/m - (-2)/(-13)) prime?
False
Let j(v) = v**3 - 16*v**2 + 17*v - 20. Let d be j(15). Suppose d = h + 4*a, 5*h + 3*a = 8*a. Is h/6 - (-5)/((-30)/(-7528)) composite?
True
Let u = 81445 + -54107. Is u composite?
True
Let m = 219984 - -550429. Is m a composite number?
True
Let a(v) be the second derivative of -v**5/20 + 7*v**4/4 + 17*v**2/2 + v. Let m = -374 + 393. Is a(m) a composite number?
False
Let i be (13 - (-1)/(2 - 3))*5. Is (2722/(-3))/(8/i*-5) a prime number?
True
Let y(l) = 37486*l**2 + 374*l - 3. Is y(-7) composite?
False
Let y(r) = 12145*r**2 + 295*r + 2083. Is y(-7) composite?
False
Suppose g + 3*l = 399, -433 = -2*g + 3*l + 401. Suppose -632 = -z + g. Is z composite?
True
Is 733141156/1378 - 6/(-26) a prime number?
True
Let d(o) = -4*o**2 + 79*o + 27. Let v be d(20). Suppose -49249 - 3132 = -v*t. Is t prime?
False
Let f(o) be the first derivative of -163*o**2/2 - 3*o - 4. Let n be f(-3). Suppose -i - 2*b = 152 - 639, -i - b + n = 0. Is i prime?
False
Suppose 38*g + 5*b + 307385 = 43*g, -4*g = b - 245938. Is g a composite number?
False
Suppose -3*f = -7*f - 20, -5*f = -4*c + 53. Let b(w) = c*w**2 - 7*w + 15*w + 81*w**2 - 11*w + 4. Is b(3) composite?
False
Let u = 152860 - -16107. Is u a composite number?
True
Suppose -2*f + 16*f = -154. Let o(r) = -r**3 - 3*r**2 + 7*r - 13. Is o(f) a composite number?
True
Is 156/39 - 150262*7/(-2) - 2 a prime number?
False
Suppose -3*a + 3*c - 126921 = 0, 5*a - 10*c + 211517 = -14*c. Let n = 83794 + a. Is n a composite number?
True
Suppose -5*c - 144 = -1674. Let o = c + -157. Is o prime?
True
Suppose 120*m - 117*m = -24. Let t(d) = 114*d**2 - d - 15. Is t(m) a prime number?
False
Let x(n) = 2830*n - 11. Is x(1) a prime number?
True
Let z = -881931 + 1349474. Is z a prim